{"id":1826,"date":"2024-01-25T15:07:06","date_gmt":"2024-01-25T19:07:06","guid":{"rendered":"https:\/\/sebrae.ro\/empretec\/?page_id=1826"},"modified":"2025-06-27T09:40:22","modified_gmt":"2025-06-27T13:40:22","slug":"formulario-de-pre-inscricao-empretec-dela","status":"publish","type":"page","link":"https:\/\/sebrae.ro\/empretec\/formulario-de-pre-inscricao-empretec-dela\/","title":{"rendered":"Formul\u00e1rio de pr\u00e9-inscri\u00e7\u00e3o"},"content":{"rendered":"\r\n<p>O Empretec Delas\u00a0 \u00e9 um semin\u00e1rio intensivo destinado a guiar\u00a0 mulheres de Rond\u00f4nia em sua pr\u00f3pria jornada empreendedora de sucesso. Nele, voc\u00ea aprender\u00e1 a:<\/p>\r\n\r\n\r\n\r\n<ol>\r\n<li>Identificar seu potencial empreendedor;<\/li>\r\n<li>Desenvolver suas caracter\u00edsticas de comportamento empreendedor;<\/li>\r\n<li>Identificar novas oportunidades de neg\u00f3cio;<\/li>\r\n<\/ol>\r\n\r\n\r\n\r\n<p><strong>Como funciona?<\/strong><\/p>\r\n\r\n\r\n\r\n<p>Ao longo de 60 horas de imers\u00e3o, distribu\u00eddas em 6\u00a0 dias de Semin\u00e1rio, as participantes ser\u00e3o desafiadas, em atividades pr\u00e1ticas, a desenvolverem e aprimorarem as caracter\u00edsticas de comportamento empreendedor, que s\u00e3o: Busca de oportunidade e iniciativa; Persist\u00eancia; Correr riscos calculados; Exig\u00eancia de qualidade e efici\u00eancia; Comprometimento; Busca de informa\u00e7\u00f5es; Estabelecimento de metas; Planejamento e monitoramento sistem\u00e1ticos; Persuas\u00e3o e rede de contatos; Independ\u00eancia e autoconfian\u00e7a.<\/p>\r\n\r\n\r\n\r\n<p>Se voc\u00ea tem interesse em participar da pr\u00f3xima turma, preencha o formul\u00e1rio a seguir:<\/p>\r\n\r\n\r\n\r\n<div class=\"wp-block-contact-form-7-contact-form-selector\"><div role=\"form\" class=\"wpcf7\" id=\"wpcf7-f1829-o1\" lang=\"pt-BR\" dir=\"ltr\">\n<div class=\"screen-reader-response\"><p role=\"status\" aria-live=\"polite\" aria-atomic=\"true\"><\/p> <ul><\/ul><\/div>\n<form action=\"\/empretec\/wp-json\/wp\/v2\/pages\/1826#wpcf7-f1829-o1\" method=\"post\" class=\"wpcf7-form init\" novalidate=\"novalidate\" data-status=\"init\">\n<div style=\"display: none;\">\n<input type=\"hidden\" name=\"_wpcf7\" value=\"1829\" \/>\n<input type=\"hidden\" name=\"_wpcf7_version\" value=\"5.5.4\" \/>\n<input type=\"hidden\" name=\"_wpcf7_locale\" value=\"pt_BR\" \/>\n<input type=\"hidden\" name=\"_wpcf7_unit_tag\" value=\"wpcf7-f1829-o1\" \/>\n<input type=\"hidden\" name=\"_wpcf7_container_post\" value=\"0\" \/>\n<input type=\"hidden\" name=\"_wpcf7_posted_data_hash\" value=\"\" \/>\n<\/div>\n<p>Nome Completo*<br \/>\n    <span class=\"wpcf7-form-control-wrap Nome\"><input type=\"text\" name=\"Nome\" value=\"\" size=\"40\" class=\"wpcf7-form-control wpcf7-text wpcf7-validates-as-required\" aria-required=\"true\" aria-invalid=\"false\" \/><\/span> <\/p>\n<p>E-mail*<br \/>\n    <span class=\"wpcf7-form-control-wrap Email\"><input type=\"email\" name=\"Email\" value=\"\" size=\"40\" class=\"wpcf7-form-control wpcf7-text wpcf7-email wpcf7-validates-as-required wpcf7-validates-as-email\" aria-required=\"true\" aria-invalid=\"false\" \/><\/span> <\/p>\n<p>Telefone Celular (DDD)*<br \/>\n    <span class=\"wpcf7-form-control-wrap Telefone\"><input type=\"tel\" name=\"Telefone\" value=\"\" size=\"40\" class=\"wpcf7-form-control wpcf7-text wpcf7-tel wpcf7-validates-as-required wpcf7-validates-as-tel\" aria-required=\"true\" aria-invalid=\"false\" \/><\/span> <\/p>\n<p>Cidade*<br \/>\n    <span class=\"wpcf7-form-control-wrap Cidade\"><input type=\"text\" name=\"Cidade\" value=\"\" size=\"40\" class=\"wpcf7-form-control wpcf7-text wpcf7-validates-as-required\" aria-required=\"true\" aria-invalid=\"false\" \/><\/span><\/p>\n<p>PROGRAMA\u00c7\u00c3O<\/p>\n<p>JI-PARAN\u00c1: Semin\u00e1rio 22 a 27\/04 <\/p>\n<p><span class=\"wpcf7-form-control-wrap checkbox-424\"><span class=\"wpcf7-form-control wpcf7-checkbox\"><span class=\"wpcf7-list-item first last\"><input type=\"checkbox\" name=\"checkbox-424[]\" value=\"Em observ\u00e2ncia \u00e0 Lei n\u00ba. 13.709\/18 - Lei Geral de Prote\u00e7\u00e3o de Dados Pessoais e demais normativas aplic\u00e1veis sobre prote\u00e7\u00e3o de Dados Pessoais, CONCORDO com os Termos de Uso e com a Pol\u00edtica de Privacidade do SEBRAE e manifesto-me de forma informada, livre, expressa e consciente no sentido de autorizar o SEBRAE a realizar o tratamento de meus Dados Pessoais.*\" \/><span class=\"wpcf7-list-item-label\">Em observ\u00e2ncia \u00e0 Lei n\u00ba. 13.709\/18 - Lei Geral de Prote\u00e7\u00e3o de Dados Pessoais e demais normativas aplic\u00e1veis sobre prote\u00e7\u00e3o de Dados Pessoais, CONCORDO com os Termos de Uso e com a Pol\u00edtica de Privacidade do SEBRAE e manifesto-me de forma informada, livre, expressa e consciente no sentido de autorizar o SEBRAE a realizar o tratamento de meus Dados Pessoais.*<\/span><\/span><\/span><\/span><br \/>\nAl\u00e9m disso, gostar\u00edamos do seu consentimento para entrarmos em contato. Oferecemos informa\u00e7\u00f5es, dicas e ofertas de solu\u00e7\u00f5es que julgamos importantes para apoiar voc\u00ea e o seu neg\u00f3cio.<\/p>\n<p><span class=\"wpcf7-form-control-wrap checkbox-580\"><span class=\"wpcf7-form-control wpcf7-checkbox\"><span class=\"wpcf7-list-item first last\"><input type=\"checkbox\" name=\"checkbox-580[]\" value=\"Autorizo o recebimento de e-mails do Sebrae*\" \/><span class=\"wpcf7-list-item-label\">Autorizo o recebimento de e-mails do Sebrae*<\/span><\/span><\/span><\/span><br \/>\n<span class=\"wpcf7-form-control-wrap checkbox-580\"><span class=\"wpcf7-form-control wpcf7-checkbox\"><span class=\"wpcf7-list-item first last\"><input type=\"checkbox\" name=\"checkbox-580[]\" value=\"Autorizo o recebimento de SMS do Sebrae\" \/><span class=\"wpcf7-list-item-label\">Autorizo o recebimento de SMS do Sebrae<\/span><\/span><\/span><\/span><br \/>\n<span class=\"wpcf7-form-control-wrap checkbox-580\"><span class=\"wpcf7-form-control wpcf7-checkbox\"><span class=\"wpcf7-list-item first last\"><input type=\"checkbox\" name=\"checkbox-580[]\" value=\"Autorizo o recebimento de liga\u00e7\u00f5es do Sebrae\" \/><span class=\"wpcf7-list-item-label\">Autorizo o recebimento de liga\u00e7\u00f5es do Sebrae<\/span><\/span><\/span><\/span><br \/>\n<span class=\"wpcf7-form-control-wrap checkbox-580\"><span class=\"wpcf7-form-control wpcf7-checkbox\"><span class=\"wpcf7-list-item first last\"><input type=\"checkbox\" name=\"checkbox-580[]\" value=\"Autorizo o recebimento de correspond\u00eancia do Sebrae\" \/><span class=\"wpcf7-list-item-label\">Autorizo o recebimento de correspond\u00eancia do Sebrae<\/span><\/span><\/span><\/span><\/p>\n<div class=\"twelve-columns text-center top-padding-90\"><button class=\"border-btn-box pointer-large\"><span class=\"border-btn-inner\"><span class=\"border-btn\" data-text=\"Enviar\">Enviar<\/span><\/span><\/button><\/div>\n<div class=\"wpcf7-response-output\" aria-hidden=\"true\"><\/div><\/form><\/div><\/div>\r\n","protected":false},"excerpt":{"rendered":"<p>O Empretec Delas\u00a0 \u00e9 um semin\u00e1rio intensivo destinado a guiar\u00a0 mulheres de Rond\u00f4nia em sua pr\u00f3pria jornada empreendedora de sucesso. Nele, voc\u00ea&#8230;<\/p>\n","protected":false},"author":2,"featured_media":2892,"parent":0,"menu_order":0,"comment_status":"closed","ping_status":"closed","template":"","meta":[],"_links":{"self":[{"href":"https:\/\/sebrae.ro\/empretec\/wp-json\/wp\/v2\/pages\/1826"}],"collection":[{"href":"https:\/\/sebrae.ro\/empretec\/wp-json\/wp\/v2\/pages"}],"about":[{"href":"https:\/\/sebrae.ro\/empretec\/wp-json\/wp\/v2\/types\/page"}],"author":[{"embeddable":true,"href":"https:\/\/sebrae.ro\/empretec\/wp-json\/wp\/v2\/users\/2"}],"replies":[{"embeddable":true,"href":"https:\/\/sebrae.ro\/empretec\/wp-json\/wp\/v2\/comments?post=1826"}],"version-history":[{"count":6,"href":"https:\/\/sebrae.ro\/empretec\/wp-json\/wp\/v2\/pages\/1826\/revisions"}],"predecessor-version":[{"id":2893,"href":"https:\/\/sebrae.ro\/empretec\/wp-json\/wp\/v2\/pages\/1826\/revisions\/2893"}],"wp:featuredmedia":[{"embeddable":true,"href":"https:\/\/sebrae.ro\/empretec\/wp-json\/wp\/v2\/media\/2892"}],"wp:attachment":[{"href":"https:\/\/sebrae.ro\/empretec\/wp-json\/wp\/v2\/media?parent=1826"}],"curies":[{"name":"wp","href":"https:\/\/api.w.org\/{rel}","templated":true}]}}